
Suppose 0 = 6*x + 2285 - 617. Let o be (x/(-1))/(1*2). Suppose 56 = 3*y - o. What are the prime factors of y?
5, 13
Let v = -30 - -31. Let s = v + 1. Suppose -s*u + 87 + 35 = 0. What are the prime factors of u?
61
Let d(s) = -439*s + 141. What are the prime factors of d(-7)?
2, 1607
Suppose 0*b = b, -3*q + 2*b = 42. Let c be (-14 - q) + 1/(-1). What are the prime factors of (-23)/c + 2 - -4?
29
Let q(n) = -45*n - 617. What are the prime factors of q(-22)?
373
Suppose 25 = -2*s + 7*s. Let m be s*(-5)/(100/12). What are the prime factors of (0 - -1)/(m/(-117))?
3, 13
Suppose -1036 = -4*k + 2*p, 5*k - 852 - 443 = -3*p. List the prime factors of k.
7, 37
Let u = -1134 - -1432. List the prime factors of u.
2, 149
Let o be (-57)/21 + 3 - 696/(-14). Suppose 53*u = o*u + 795. List the prime factors of u.
5, 53
Let u = -24 - -35. Suppose h = 5*i - 0*h - u, i = h + 3. Suppose -7*a = -i*a - 185. List the prime factors of a.
37
Let r be 11 + (0/1)/2. Suppose -4 = o + x, 16 = -3*o - 2*x + 2. Let t = r - o. List the prime factors of t.
17
Let v(z) = z**3 + 8*z**2 + 2*z - 15. Let l(r) = r - 12. Let b be l(7). List the prime factors of v(b).
2, 5
Let j(h) = h**2 + 22*h - 12. What are the prime factors of j(14)?
2, 3, 41
What are the prime factors of (-4)/(-56) - (-26738)/28?
5, 191
Suppose -2772 = -10*q - 422. List the prime factors of q.
5, 47
Suppose 4*v + 0*v - 28 = 0. Suppose o - 13 = v. List the prime factors of (1 - -1) + 1*o.
2, 11
Let y = 154 - -114. List the prime factors of y.
2, 67
Let b(w) = -w**3 - 12*w**2 - 10*w + 15. Let s be b(-11). Suppose s*k = d - 36, 6*k - 5 = k. List the prime factors of d.
2, 5
Suppose -3*v + 5*k + 2533 = 0, 5*v - 6*v = -5*k - 851. List the prime factors of v.
29
Let z = -41 - -98. List the prime factors of z.
3, 19
Suppose 142*x = 155*x - 5772. List the prime factors of x.
2, 3, 37
Let u be 0/(-2*(-3)/(-6)). Suppose -24 = -2*i - 3*l - u*l, -2*l + 4 = 0. What are the prime factors of i?
3
Let x(w) = 7*w + 12. What are the prime factors of x(5)?
47
Let j = -2547 + 5216. What are the prime factors of j?
17, 157
Suppose -6 - 22 = -2*r. What are the prime factors of 2/r + (-1950)/(-70)?
2, 7
Let l(g) = -g**3 + 25*g**2 - 19*g - 28. Suppose -8 = 2*d, -3*v + 80 = v + 4*d. List the prime factors of l(v).
2, 23
Let w be (1 - -11)*-1*2. Let a(h) = -h**3 + h**2 + 10*h - 1. Let l be a(5). Let q = w - l. List the prime factors of q.
3
Suppose 10*m = 5*f + 12*m - 11016, -4*f - 5*m + 8806 = 0. List the prime factors of f.
2, 19, 29
Let t be (-10)/4*8/10. What are the prime factors of (t + -1)/(18/(-744))?
2, 31
Let y(i) = i**3 - 9*i**2 - 8*i + 16. Let z be y(10). Let q = 22 + z. List the prime factors of q.
2, 29
Let u be 2 + -9*(-4)/12. Suppose -24 = -2*h - 3*a - 1, -u = -a. List the prime factors of h.
2
Let c(n) = -n**3 + n**2 - 11*n - 29. Let j be c(-3). Let w = 46 - 26. Suppose -6*h = -j - w. List the prime factors of h.
2, 5
Suppose 0*v + v - 202 = 0. Let u = v - 49. Let r = -86 + u. List the prime factors of r.
67
Suppose 4*g - 2*g - 7*g = 0. Suppose g*u - 8*u = -1008. List the prime factors of u.
2, 3, 7
Let u(p) be the second derivative of -p**5/20 - 5*p**4/6 - 3*p**3/2 + 11*p**2/2 - 2*p. Let o be u(-9). Let q = o + 0. What are the prime factors of q?
11
Let n(w) = 4*w**2 + w. Let j be n(1). Suppose 20 = -4*r, -j*o + 24 + 16 = -r. Suppose o*q - 3*q = 52. What are the prime factors of q?
13
Let g(z) = z**3 + 17*z**2 + 17*z + 18. Let o be g(-16). Suppose 0*c - 4*v - 53 = -c, -o*v = 4*c - 212. List the prime factors of c.
53
Let w be 6/5*20/3. Suppose -39*q = -35*q - w. Suppose 0 = -5*d - z + 19, q*d + 6 = 2*z + z. What are the prime factors of d?
3
Let x(p) = p**3 + 19*p**2 - 21*p - 16. Let u(g) = -2*g - 14. Let v be u(-9). Suppose v*k - 52 = s + 2*s, -k = 3*s + 62. What are the prime factors of x(s)?
2
Let o = -35 - -63. Let f = o + -23. List the prime factors of f.
5
Let l(a) = -3*a**2 + 109. Let k(b) = -5*b**2 + b + 218. Let z(v) = 4*k(v) - 7*l(v). List the prime factors of z(0).
109
What are the prime factors of 33618/8 - (-32)/(-128)?
2, 11, 191
Let y(d) = -4*d**2 - 9*d + 14. Let w be y(10). What are the prime factors of 4/(-26) - w/52?
3
Let q = -4 + 6. Suppose 15*i + 44 = 26*i. Suppose 0*z - i*z + 118 = q*m, -m + 4*z = -35. What are the prime factors of m?
3, 17
Let b(y) be the second derivative of y**5/20 + 2*y**3/3 + y**2/2 - 6*y. Let i be b(3). Let w = i + -29. List the prime factors of w.
11
Suppose -8 = -3*i + i. Suppose -2*j - j = 3, -g = i*j - 69. What are the prime factors of g?
73
Suppose -i = -279 - 151. Suppose 64 = 2*b - i. List the prime factors of b.
13, 19
Let m be 7/((-21)/9) - -3. Suppose m = -5*b + 10 - 0. What are the prime factors of (-1 - -38)*(-1 + b)?
37
Let h(l) = l**2 - 3*l - 7. Let w be h(5). Suppose -5*m + 90 = -w*m. What are the prime factors of m?
3, 5
Suppose -k = 31*k - 6048. What are the prime factors of k?
3, 7
Let o = 1158 - 697. List the prime factors of o.
461
Suppose 6*c - 5 = 3*q + 2*c, 45 = 5*q + 4*c. What are the prime factors of q/(15/183) - -1?
2, 31
Let h = 5449 + -1451. List the prime factors of h.
2, 1999
Let z be 1/(((-24)/63)/(-8)). Let b be 6/(-3) - (1 - 7). Suppose -t = t - 2*h - 72, t - b*h - z = 0. List the prime factors of t.
41
List the prime factors of 4 + (5/(-10))/((-6)/8124).
3, 227
Let b(n) = 13*n**2 + n + 36. What are the prime factors of b(6)?
2, 3, 5, 17
Let f be ((-102)/9)/(2/(-3)). Suppose 3*o - g = -f, -5*o + 2*g - 20 = -o. Let h(q) = -3*q - 2. List the prime factors of h(o).
19
Let q(d) = -d**2 + 15*d. Let l be q(12). Let x = l + -29. List the prime factors of x.
7
Suppose 411*o + 1365 = 414*o. What are the prime factors of o?
5, 7, 13
What are the prime factors of 10 + -2 + -13 + 11*47?
2
Let z(i) = -i + 12. Let t be z(10). Suppose -3*s + t*u + 318 = -524, u + 847 = 3*s. What are the prime factors of s?
2, 71
Let x(u) = u**2 - 2*u + 133. Suppose l - 4 = -b, 4*b - 5*l - 1 = -21. List the prime factors of x(b).
7, 19
Let i be 0/((-15)/5 + 1). Suppose -y - 5*b + 45 = i, -2*y = y + 2*b - 200. What are the prime factors of y?
2, 5, 7
Let n(x) be the third derivative of x**5/30 + x**4/12 - x**3/2 - 12*x**2. List the prime factors of n(-6).
3, 19
Let c = 15 + -13. Let k be (-408)/(-9) - c/6. List the prime factors of k/25*(5 + 0).
3
Suppose g - 2*g = 0. Suppose 2*d - 3*j - 228 = g, -3*j = j - 16. Suppose 0 = 5*b - d - 110. What are the prime factors of b?
2, 23
Let h(l) be the first derivative of -2*l**5/15 - 3*l**4/8 - l**3/3 - 2. Let w(d) be the third derivative of h(d). List the prime factors of w(-3).
3, 13
Let z(f) be the second derivative of f**5/20 - f**4/4 + f**3/3 + f**2 - 3*f. Let x be z(2). Let q = x - -13. What are the prime factors of q?
3, 5
Suppose 1696 = 8*t - 2952. List the prime factors of t.
7, 83
Let z(s) = 2*s**2 - 4*s. Let o be z(2). Suppose 5*a - 55 - 30 = o. What are the prime factors of a?
17
Let c(t) = -4*t - 26. Let w be c(-7). Suppose -4*q - 2*i = -i - 365, 2*q - w*i - 170 = 0. What are the prime factors of q?
2, 3, 5
Suppose 0 = 270*c - 273*c + 2094. What are the prime factors of c?
2, 349
Let l = -14 - -24. Suppose 2*t - 3*t = -s - 5, -l = -s + 4*t. What are the prime factors of s/35 - 195/(-21)?
3
Let y = 1123 + -612. List the prime factors of y.
7, 73
Let u(r) = 27*r + 3. Let q be u(2). Suppose 3*h - 153 = q. List the prime factors of h.
2, 5, 7
Suppose 3*l = 6*n - 3*n + 2457, -2 = 2*n. What are the prime factors of l?
2, 409
Let p = 1229 + 2018. What are the prime factors of p?
17, 191
Suppose 0 = -9*f - 0*f + 2412. List the prime factors of (f/3 - 0) + 2/(-6).
89
Let i = -15 - -15. Let u(f) = -2*f + 5. Let s be u(i). Suppose o = s*j + 33, -2*j - 119 = -2*o - 3*o. List the prime factors of o.
23
Suppose 9 - 1 = -5*p + 2*u, p = 4*u + 2. Let s be (-63)/(9/p + 4). Suppose -t - 2*n = n - 64, 5*n - s = -2*t. What are the prime factors of t?
2, 29
Let u(l) = l + 2. Suppose -3*x = y - 13, -x = -2*x - 4*y + 8. Suppose 0 = x*i - 6*i + 12. List the prime factors of u(i).
2
Let a be ((-4)/(-7))/(10/70). Suppose -3*j + 269 = -a*c, c - 5 + 7 = 0. List the prime factors of j.
3, 29
Suppose -15*n + 8*n + 4060 = 0. List the prime factors of n.
2, 5, 29
Let r = -47 - -278. Let o = r - -95. What are the prime factors of o?
2, 163
Let v(w) = w*